+ 45*l**2 - 4*l - 31. Let w be c(-9). Calculate a(w).
-2
Suppose 6*f + 90 = 15*f. Suppose 83*p = 73*p - f. Let w(c) = 14*c**3 - c**2. What is w(p)?
-15
Suppose 5*d - 3*d = -5*w - 17, 4*w + 2*d = -14. Let s(q) be the first derivative of -q**2 - 143. Give s(w).
6
Let b(q) be the third derivative of -q**6/120 + q**5/6 + q**4/2 - 5*q**3/6 + 6*q**2. Let h be 632/56 + 12/(-42). What is b(h)?
6
Let t be 20/24 + (-15)/((-1080)/(-276)). Let l(d) = -3*d - 2. Let o(b) = -4*b - 2. Let w(j) = -6*l(j) + 4*o(j). Calculate w(t).
-2
Let w(z) be the second derivative of z**3/6 - 5*z**2/2 + 4*z. Let t be (284/71)/(8/14). What is w(t)?
2
Suppose 2*q = 2*c - 3*c - 6, 0 = -4*c - 3*q - 9. Suppose -3*j = 4*h - c*j + 49, 34 = -3*h - 5*j. Let f(i) = i**2 + 12*i - 12. Determine f(h).
1
Let a(w) be the third derivative of w**4/12 + 9*w**3 - 563*w**2. Determine a(-20).
14
Let c be (-826)/120 - (-156)/1170 - (-1)/(-4). Let v(u) = 7*u + 46. Determine v(c).
-3
Suppose 107 = 91*l - 1622. Let n(y) = 2*y - 47. Calculate n(l).
-9
Let n(l) = -11*l**2 + 17*l + 7. Let m(s) = -13*s**2 + 18*s + 7. Let q(f) = -6*m(f) + 7*n(f). Let p be (-6)/21 + (-47)/7. What is q(p)?
-21
Let c(z) = -z**2 + 5*z + 7. Let d be c(5). Let j(t) = 20*t**2 - 2*t - 2. Let i(n) = -79*n**2 - n + 23. Let s(o) = -i(o) - 4*j(o). Calculate s(d).
-1
Let n(v) = -2*v + 4*v + 3 + 3*v - v**2. Suppose 0 = 18*m + 10*m - 168. Let u(i) = -7*i + 46. Let w be u(m). Give n(w).
7
Let j(d) = d + 4. Suppose 2*b + 18 = 2*m, -64*m = -67*m - 5*b + 11. Give j(m).
11
Let r(m) = -5340*m**2 - 38*m + 2667*m**2 + 2672*m**2 - 36 - 257 + 0*m. Determine r(-27).
4
Let v be (-122)/(-15) - (-14 + (-4452)/(-315)). Let i(k) = -6*k**2 - 2 + 5*k**2 + 8 + 8*k. Calculate i(v).
6
Let p(a) = a**2 - 2*a + 1. Let q(l) = -l**3 + 2*l**2 - 5*l + 25. Let c(y) = 6*p(y) - q(y). Calculate c(-3).
11
Let f(d) = -d - 1. Let i(y) = -y**2 - y - 3. Let a(l) = -l**2 + 3*l + 11. Let q be a(5). Let x(c) = q*i(c) - 5*f(c). Let j be ((-9)/6)/(2/(-4)). Determine x(j).
5
Let t(z) = 2*z**2 - z + 2. Suppose 0*x + 2*x = 0. Let b(o) = -33*o - 5. Let r(m) = -28*m - 4. Let w(c) = 6*b(c) - 7*r(c). Let n be w(x). Give t(n).
12
Let r = -19 + 18. Let y(b) be the third derivative of -7*b**4/24 + b**3/6 + 5*b**2 + 14. Calculate y(r).
8
Let z(f) = -f**3 + f**2 + 5*f - 1. Let y(i) = -8*i - 381. Let k = -1097 + 1049. Let h be y(k). Calculate z(h).
-4
Let j(g) = g - 3. Suppose -2*y - 2 = -5*t, 4*y - 22 = -0*t - 3*t. Let q(m) = -10*m + 44. Let n be q(y). Suppose 0 = v + n*b, 0 = -4*b + 5*b. Give j(v).
-3
Let k(i) = -i**3 - 6*i**2 + 21*i + 11. Suppose 9*u - 187 = -92*u + 116. Give k(u).
-7
Let x(c) = -33*c - 4. Let y(t) = -129*t - 15. Let r(n) = -22*x(n) + 6*y(n). Determine r(1).
-50
Suppose 438 = -7*u + 550. Let w(d) = 34*d - d**3 - 17*d + 21*d**2 - u*d - 20*d - 26. Give w(20).
-6
Let q(g) be the first derivative of -2*g**2 + 5*g + 8. Calculate q(9).
-31
Let h(f) = f**2 + 3*f + 1. Let b(u) = -2*u**2 - 2*u - 2. Let l(d) = 2*b(d) + 3*h(d). Let i(y) = y - 11. Let o be i(16). What is l(o)?
-1
Let q(g) = -25*g + 44. Let l(a) = -2*a + 2. Let r(k) = 2*l(k) - q(k). What is r(2)?
2
Let y(d) = 99*d**2 - 10 + 42*d**2 + 44*d**2 - 186*d**2. Give y(0).
-10
Let k(x) be the third derivative of -23*x**4/24 + 119*x**3/2 - 3775*x**2. Calculate k(15).
12
Let h(p) = -131*p + 199. Let j(t) = 438*t - 596. Let b(w) = -10*h(w) - 3*j(w). Calculate b(-49).
-6
Let f(o) be the first derivative of 44*o**3/3 - 5*o**2/2 - 4*o + 6545. Determine f(-1).
45
Let y(m) = m**3 - 6*m**2 - 2*m + 1. Suppose 0 = 5*i + 18*d - 21*d - 15, 3*d - 15 = 0. Determine y(i).
-11
Let m(z) = -z**3 + 7*z**2 + z + 11. Let q be (-2 - 2) + (-1 - 6 - -17). Determine m(q).
53
Let o = -2456 - -2457. Let k(x) = 23*x**3 + 2*x**2 - 3*x + 2. Calculate k(o).
24
Let p(a) be the first derivative of -a**4/4 + 8*a**3/3 + 11*a**2/2 - 12*a - 3641. Calculate p(9).
6
Let s(p) = p**2 - 9*p + 2. Let w be (221/(-34))/(4/(-8)) - 5. Determine s(w).
-6
Let d(q) = q**3 + 4*q**2 - 3*q + 14. Suppose 4*i - 79 - 90 + 189 = 0. Calculate d(i).
4
Let p(r) = 2*r + 7. Let x(w) = 13*w + 13. Let l(c) = -2*p(c) + x(c). Suppose v + 6 = 7. Determine l(v).
8
Let r(j) = 8 - 36 - 2*j**2 + 2*j**2 - 63*j + 17*j**2 + j**3 - 29. What is r(-20)?
3
Suppose -5*t - 5*n = 25, -10 = 4*t + n + 7. Let s(m) = 751*m - 379*m - 377*m - 1. Determine s(t).
19
Let l(p) = 5*p**2 - 690 + 1385 - 694 + p. Suppose -5*d + 14 = 19. Give l(d).
5
Let x(m) = -m**3 + 6*m**2 + 6*m - 8. Let u(a) = a**3 + 9*a**2 + 12*a - 2. Let g be u(-3). Suppose -5 = 2*h - 3*c - g, -c + 36 = 5*h. Calculate x(h).
-15
Let k(i) = i**3 - 18*i**2 + 31*i + 19. Suppose -4*o + 93*t + 48 = 89*t, -5*o = 4*t - 96. Calculate k(o).
3
Suppose -w + b + 4*b + 11 = 0, -w - 16 = 4*b. Let y(t) = 4 - 10*t + 28*t - 19*t. Give y(w).
8
Let q be -58*22/(-55)*15/(-12). Let h(c) = -4*c - 113. Calculate h(q).
3
Let n be ((-10)/3 - -3)*3 + 3. Let o(g) = -6*g**2 - 19 - 10*g - 7*g**2 + n*g**2 + g**3 - 6. Let i be o(12). Let w(u) = -5*u**3 + u**2. Calculate w(i).
6
Let i(m) = 15*m - 56 - 28*m + 8*m + 16*m. What is i(6)?
10
Let b(g) = 13*g + 25. Suppose 0 = -4*t - 2*o + 2, 489*o = 488*o + 7. Determine b(t).
-14
Let y(p) = -10*p**2 + 192*p + 48. Let v(u) = -2*u**2 + 38*u + 9. Let j(d) = -11*v(d) + 2*y(d). Determine j(17).
-3
Let d(j) be the third derivative of 0 + 1/12*j**4 + 0*j + 1/15*j**5 - 1/120*j**6 - 1/3*j**3 - 102*j**2. Give d(4).
6
Let x be (12/(-5))/(-1 + (-78)/(-90)). Suppose x = 2*j + 4. Let b(a) be the third derivative of a**4/24 - a**3 + 3*a**2. Calculate b(j).
1
Let k(j) = j**3 + 7*j**2 + 6*j + 9. Let y = -14786 - -14780. Calculate k(y).
9
Let r(k) be the first derivative of k**2 - 10*k + 1. Let v be r(6). Let q(x) = 4*x**2 - 7*x**v - 7 + 2*x**2 - 1 - 7*x. Give q(-6).
-2
Let q(v) = -v + 50*v**2 + 3*v - 48*v**2 + 3 - 1. Let k(i) = -2*i**2 + 2 + 2*i**2 + 3*i**2 - i**2 + i. Let s(a) = 5*k(a) - 6*q(a). Determine s(-5).
-17
Let b(f) be the second derivative of 1/2*f**3 + 2*f - 15 + 0*f**2 + 1/6*f**4. Let z = 3 + -6. Calculate b(z).
9
Let v = -2817 + 2821. Let i(z) = -z**2 + z + 1. Let r(g) = -2*g**2 + 4*g + 7. Let l(b) = 3*i(b) - r(b). Give l(v).
-24
Let z be 1/((-1)/2) - (-87 - -83). Let o(p) = 2*p**2 - 8*p + 5. What is o(z)?
-3
Let b(l) = l**2 - 7*l - 5. Let n be b(8). Let c(g) = g**2 - 3*g + 1293 + n*g - 1299. Determine c(0).
-6
Let s(f) be the third derivative of f**4/12 - f**3 - 4*f**2. Suppose -3*n + r + 438 = -0*r, 3*n = -3*r + 438. Let t = n - 140. Give s(t).
6
Let b(n) be the third derivative of -n**6/120 - n**5/15 - n**4/12 - 5*n**3/6 - 29*n**2 - 21*n. Calculate b(-4).
3
Let k(p) = 4*p**2 - 1. Let m be k(1). Let o(c) = 3 - 6*c**m + 7*c**3 - 2*c - 4*c**2 + 0*c**3. Suppose -70*t + 53 = -35 - 52. Determine o(t).
-9
Let c = 338 - 354. Let k be c/(-28) + ((-1116)/(-42))/6. Let z(g) = -g**3 + 4*g**2 + 3*g + 1. What is z(k)?
-9
Let h(o) = 1 + 12*o - 8 - 8*o - 2 - 33*o. Let t(d) = -35*d - 10. Let s(u) = -6*h(u) + 5*t(u). Give s(4).
0
Suppose 4*j - 36 = 4*b, 2*b = -3*j + 3*b + 17. Let o(t) = j + t**2 + 156136*t - 156136*t. Determine o(-2).
8
Suppose 0 = 96*m - 29 - 104 - 347. Let r(l) = -3*l + 25. Give r(m).
10
Suppose -111*y - 60 = -123*y. Let d(s) = -37 - y*s**2 + s**3 + 89 + 4*s - 57. Give d(4).
-5
Let p = -3317 - -3316. Let l(d) = -10*d - 4. Give l(p).
6
Let w(z) = -2*z**2 - 23*z - 27. Let y(q) = 3*q**2 + 35*q + 41. Let o(x) = 8*w(x) + 5*y(x). Let g = -7071 + 7062. Give o(g).
-11
Let j(u) = -108*u**2 - 2 - 18 - 113*u**2 + 8*u - 102*u**2 + 320*u**2. Give j(4).
-36
Let v(g) = g**3 + 2*g + 24 - 7*g**2 + 3*g + 20 - 50 - 4*g. Suppose -2*p = 4 - 12. Suppose j + t - 15 = -3*t, 5*j - 43 = -p*t. Give v(j).
1
Let n(m) = 8*m + 112 + 21 - 259 + 4*m + 7. Calculate n(8).
-23
Let m(t) be the third derivative of t**5/60 + t**4/12 + t**3/3 + 1640*t**2 + 2. Suppose 3*c + 5 = -2*o + 1, -16 = -5*o - c. Suppose 4 + 8 = -o*g. Give m(g).
5
Let o(q) = -q + 1. Suppose -12*s = -7*s - 80. Let g be -2 - 0 - (s/(-4) - -33). Let y = -30 - g. Determine o(y).
0
Let n(w) be the first derivative of -117 + w + 1/2*w**2 - 1/3*w**3. Determine n(7).
-41
Suppose 20*b + 3915 = -1045. Let x = b + 252. Let i(r) = -r**3 + 2*r**2 + 5*r - 5. Determine i(x).
-17
Suppose -2*s - 65 = -t, 5*t - s = 2*s + 304. Let a = 119 - t. Let i = -55 + a. Let d(v) = v**3 - 4*v**2 - 7*v + 7. Calculate d(i).
-3
